tor of 48317?
False
Is 16 a factor of 3156?
False
Does 40 divide 2141?
False
Is 122 a factor of 13620?
False
Does 95 divide 3253?
False
Is 3332 a multiple of 14?
True
Is 934 a multiple of 3?
False
Does 177 divide 43896?
True
Does 80 divide 558?
False
Is 8 a factor of 2441?
False
Does 112 divide 70000?
True
Does 28 divide 392?
True
Is 3597 a multiple of 109?
True
Is 12 a factor of 8303?
False
Is 16 a factor of 52?
False
Is 13 a factor of 5203?
False
Is 115 a multiple of 4?
False
Is 7465 a multiple of 23?
False
Is 157 a multiple of 2?
False
Is 8 a factor of 896?
True
Does 37 divide 23022?
False
Is 238 a multiple of 7?
True
Is 609 a multiple of 5?
False
Does 26 divide 2236?
True
Does 4 divide 45?
False
Is 240 a multiple of 3?
True
Does 59 divide 1273?
False
Is 234 a multiple of 9?
True
Is 60 a factor of 39120?
True
Is 558 a multiple of 39?
False
Is 20 a factor of 8593?
False
Is 35784 a multiple of 14?
True
Is 233 a multiple of 22?
False
Does 8 divide 2444?
False
Does 3 divide 462?
True
Is 4 a factor of 2270?
False
Is 5 a factor of 31564?
False
Is 29694 a multiple of 173?
False
Does 88 divide 56630?
False
Does 29 divide 1044?
True
Does 339 divide 10509?
True
Does 8 divide 704?
True
Does 9 divide 6730?
False
Does 148 divide 27759?
False
Is 20 a factor of 40?
True
Is 19116 a multiple of 118?
True
Does 6 divide 1224?
True
Does 19 divide 2375?
True
Does 10 divide 1270?
True
Does 15 divide 7659?
False
Is 163963 a multiple of 37?
False
Is 1046 a multiple of 5?
False
Is 42 a factor of 84714?
True
Does 4 divide 193?
False
Is 44 a factor of 704?
True
Is 75 a multiple of 16?
False
Is 9 a factor of 180?
True
Is 335 a multiple of 8?
False
Is 22 a factor of 4224?
True
Is 2533 a multiple of 145?
False
Is 31 a factor of 899?
True
Is 5 a factor of 263?
False
Is 1751 a multiple of 12?
False
Is 5614 a multiple of 7?
True
Does 4 divide 13?
False
Is 942 a multiple of 10?
False
Is 20 a factor of 1955?
False
Does 31 divide 2077?
True
Is 37 a factor of 2923?
True
Is 1274 a multiple of 49?
True
Is 25 a factor of 2485?
False
Is 11 a factor of 39950?
False
Does 4 divide 8221?
False
Does 8 divide 3132?
False
Is 79414 a multiple of 59?
True
Does 8 divide 824?
True
Does 88 divide 26527?
False
Does 11 divide 4600?
False
Is 10 a factor of 292?
False
Does 11 divide 249?
False
Is 5 a factor of 180?
True
Is 19 a factor of 266?
True
Does 9 divide 1194?
False
Does 8 divide 3546?
False
Is 5335 a multiple of 55?
True
Is 88 even?
True
Does 17 divide 629?
True
Does 11 divide 16748?
False
Is 70 a factor of 247?
False
Is 876 a multiple of 120?
False
Is 4 a factor of 2616?
True
Does 17 divide 570?
False
Is 13 a factor of 6315?
False
Is 682 a multiple of 31?
True
Is 10780 a multiple of 7?
True
Is 56430 a multiple of 270?
True
Does 26 divide 7683?
False
Does 4 divide 55233?
False
Is 13 a factor of 608?
False
Is 1018 a multiple of 136?
False
Does 14 divide 2710?
False
Is 291 a factor of 58699?
False
Does 104 divide 2303?
False
Is 6 a factor of 1376?
False
Is 28 a factor of 27308?
False
Is 40 a factor of 117?
False
Is 36 a factor of 288?
True
Is 9402 a multiple of 45?
False
Does 12 divide 6298?
False
Does 2 divide 114?
True
Is 2022 a multiple of 18?
False
Is 18948 a multiple of 15?
False
Is 60 a factor of 11400?
True
Does 98 divide 78008?
True
Is 57 a factor of 9690?
True
Is 24 a factor of 3671?
False
Is 133 a factor of 1197?
True
Is 55963 a multiple of 222?
False
Does 21 divide 29?
False
Does 10 divide 6810?
True
Is 5822 a multiple of 4?
False
Is 5951 a multiple of 56?
False
Is 3924 a multiple of 32?
False
Is 96 a factor of 8448?
True
Is 26 a factor of 286?
True
Is 10 a factor of 6427?
False
Is 23 a factor of 460?
True
Is 1021 a multiple of 8?
False
Is 3554 a multiple of 48?
False
Is 169 a multiple of 3?
False
Is 32 a factor of 2739?
False
Is 13 a factor of 1937?
True
Does 21 divide 65602?
False
Does 16 divide 8967?
False
Is 1371 a multiple of 51?
False
Is 8 a factor of 720?
True
Is 79 a factor of 15605?
False
Is 973 a multiple of 10?
False
Is 144 a multiple of 3?
True
Is 52 a factor of 468?
True
Is 41 a factor of 1476?
True
Is 61266 a multiple of 47?
False
Is 15 a factor of 3110?
False
Does 23 divide 1620?
False
Is 4516 a multiple of 75?
False
Is 47 a factor of 2437?
False
Is 64680 a multiple of 220?
True
Is 12 a factor of 29?
False
Is 2065 a multiple of 3?
False
Is 10 a factor of 165?
False
Is 3 a factor of 11160?
True
Is 5085 a multiple of 16?
False
Is 10 a factor of 35?
False
Does 36 divide 20434?
False
Does 25 divide 3305?
False
Is 28 a factor of 410?
False
Does 129 divide 220?
False
Is 7152 a multiple of 149?
True
Is 9636 a multiple of 12?
True
Does 12 divide 577?
False
Is 47470 a multiple of 10?
True
Is 3095 a multiple of 11?
False
Does 15 divide 3980?
False
Is 3664 a multiple of 27?
False
Does 9 divide 262?
False
Is 113 a factor of 42822?
False
Does 7 divide 27034?
True
Is 120 a multiple of 2?
True
Does 12 divide 419?
False
Is 25 a factor of 353?
False
Is 54255 a multiple of 132?
False
Is 67 a multiple of 2?
False
Is 11 a factor of 14804?
False
Is 25 a factor of 39037?
False
Is 20 a factor of 2272?
False
Is 2178 a multiple of 69?
False
Does 74 divide 2346?
False
Does 12 divide 376?
False
Is 9 a factor of 441?
True
Is 22 a factor of 1128?
False
Is 2988 a multiple of 12?
True
Is 5 a factor of 1606?
False
Is 804 a multiple of 6?
True
Is 30985 a multiple of 12?
False
Does 61 divide 51423?
True
Is 17 a factor of 1763?
False
Does 46 divide 51198?
True
Is 36 a factor of 18732?
False
Does 7 divide 38374?
True
Is 1672 a multiple of 5?
False
Is 1848 a multiple of 56?
True
Is 19 a factor of 89?
False
Does 11 divide 594?
True
Is 245 a factor of 56595?
True
Is 220 a multiple of 5?
True
Does 16 divide 2572?
False
Is 121 a factor of 54313?
False
Is 630 a multiple of 21?
True
Is 25010 a multiple of 82?
True
Does 31 divide 10044?
True
Is 12 a factor of 792?
True
Is 117 a factor of 7371?
True
Is 10134 a multiple of 26?
False
Is 1102 a multiple of 19?
True
Is 46023 a multiple of 23?
True
Does 7 divide 36975?
False
Is 5 a factor of 109?
False
Is 740 a multiple of 74?
True
Is 2922 a multiple of 18?
False
Is 60672 a multiple of 64?
True
Is 6733 a multiple of 67?
False
Does 68 divide 11152?
True
Is 1845 a multiple of 45?
True
Is 235 a multiple of 74?
False
Is 216 a multiple of 6?
True
Is 36 a factor of 277?
False
Is 11 a factor of 336?
False
Is 18 a factor of 145?
False
Does 15 divide 790?
False
Is 52 a factor of 52?
True
Does 26 divide 1690?
True
Does 32 divide 15136?
True
Does 11 divide 649?
True
Is 1794 a multiple of 78?
True
Is 4 a factor of 428?
True
Is 99 a factor of 6652?
False
Does 6 divide 1764?
True
Does 22 divide 396?
True
Is 83 a factor of 1660?
True
Does 3 divide 3381?
True
Is 1346 a multiple of 8?
False
Is 22 a factor of 69410?
True
Is 4626 a multiple of 6?
True
Is 12 a factor of 196?
False
Is 46 a factor of 22412?
False
Is 18 a factor of 180?
True
Is 8736 a multiple of 16?
True
Is 5194 a multiple of 98?
True
Does 16 divide 399?
False
Is 3040 a multiple of 19?
True
Does 6 divide 162?
True
Is 154 a multiple of 2?
True
Does 100 divide 7561?
False
Is 10199 a multiple of 217?
True
Does 9 divide 6624?
True
Does 26 divide 846?
False
Is 16801 a multiple of 91?
False
Is 18568 a multiple of 88?
True
Does 11 divide 42064?
True
Does 13 divide 2392?
True
Is 9250 a multiple of 10?
True
Is 7492 a multiple of 45?
False
Does 36 divide 1249?
False
Does 14 divide 53535?
False
Does 149 divide 9834?
True
Is 1296 a multiple of 27?
True
Is 25 a factor of 28128?
False
Does 38 divide 342?
True
Does 18 divide 634?
False
Is 10108 a multiple of 76?
True
Does 11 divide 454?
False
Does 12 divide 908?
False
Is 1150 a multiple of 23?
True
Does 106 divide 80242?
True
Is 138611 a multiple of 242?
False
Is 660 a multiple of 22?
True
Is 6 a factor of 792?
True
Is 1800 a multiple of 9?
True
Is 9 a factor of 1728?
True
Does 105 divide 3636?
False
Is 4285 a multiple of 7?
False
Is 5 a factor of 67?
False
Is 300 a multiple of 35?
False
Is 1134 a multiple of 3?
True
Does 26 divide 364?
True
Is 132 a multiple of 12?
True
Is 29 a factor of 18533?
False
Is 30 a factor of 25200?
True
Is 5 a factor of 631?
False
Is 24616 a multiple of 8?
True
Does 17 divide 407?
False
Is 36 a factor of 1672?
False
Is 32 a factor of 5395?
False
Does 